{"id":36,"date":"2020-03-12T17:21:04","date_gmt":"2020-03-12T20:21:04","guid":{"rendered":"http:\/\/genher.com.ar\/news\/?page_id=36"},"modified":"2020-03-12T17:25:45","modified_gmt":"2020-03-12T20:25:45","slug":"machos-convencionales-hubbard","status":"publish","type":"page","link":"https:\/\/genher.com.ar\/news\/machos-convencionales-hubbard\/","title":{"rendered":"Machos Convencionales Hubbard"},"content":{"rendered":"\n<p>Los machos convencionales Hubbard han sido seleccionados para ofrecer el mejor rendimiento de carne y el coste vivo m\u00e1s bajo. Sus cualidades, en t\u00e9rminos de viabilidad y persistencia reproductiva, proporcionan un beneficio econ\u00f3mico significativo. Est\u00e1n caracterizados por un fuerte crecimiento, un muy buen \u00edndice de conversi\u00f3n, excelente viabilidad, y un buen rendimiento de carne al procesado.<\/p>\n\n\n\n<figure class=\"wp-block-gallery columns-3 is-cropped wp-block-gallery-1 is-layout-flex wp-block-gallery-is-layout-flex\"><ul class=\"blocks-gallery-grid\"><li class=\"blocks-gallery-item\"><figure><img loading=\"lazy\" decoding=\"async\" width=\"756\" height=\"1024\" src=\"http:\/\/genher.com.ar\/news\/wp-content\/uploads\/2020\/03\/m77_001-756x1024.jpg\" alt=\"\" data-id=\"7\" data-full-url=\"http:\/\/genher.com.ar\/news\/wp-content\/uploads\/2020\/03\/m77_001.jpg\" data-link=\"http:\/\/genher.com.ar\/news\/?attachment_id=7\" class=\"wp-image-7\" srcset=\"https:\/\/genher.com.ar\/news\/wp-content\/uploads\/2020\/03\/m77_001-756x1024.jpg 756w, https:\/\/genher.com.ar\/news\/wp-content\/uploads\/2020\/03\/m77_001-222x300.jpg 222w, https:\/\/genher.com.ar\/news\/wp-content\/uploads\/2020\/03\/m77_001-768x1040.jpg 768w, https:\/\/genher.com.ar\/news\/wp-content\/uploads\/2020\/03\/m77_001-1134x1536.jpg 1134w, https:\/\/genher.com.ar\/news\/wp-content\/uploads\/2020\/03\/m77_001-1513x2048.jpg 1513w, https:\/\/genher.com.ar\/news\/wp-content\/uploads\/2020\/03\/m77_001.jpg 1780w\" sizes=\"(max-width: 756px) 100vw, 756px\" \/><\/figure><\/li><li class=\"blocks-gallery-item\"><figure><img loading=\"lazy\" decoding=\"async\" width=\"756\" height=\"1024\" src=\"http:\/\/genher.com.ar\/news\/wp-content\/uploads\/2020\/03\/m77_002-756x1024.jpg\" alt=\"\" data-id=\"8\" data-full-url=\"http:\/\/genher.com.ar\/news\/wp-content\/uploads\/2020\/03\/m77_002-scaled.jpg\" data-link=\"http:\/\/genher.com.ar\/news\/?attachment_id=8\" class=\"wp-image-8\" srcset=\"https:\/\/genher.com.ar\/news\/wp-content\/uploads\/2020\/03\/m77_002-756x1024.jpg 756w, https:\/\/genher.com.ar\/news\/wp-content\/uploads\/2020\/03\/m77_002-222x300.jpg 222w, https:\/\/genher.com.ar\/news\/wp-content\/uploads\/2020\/03\/m77_002-768x1040.jpg 768w, https:\/\/genher.com.ar\/news\/wp-content\/uploads\/2020\/03\/m77_002-1134x1536.jpg 1134w, https:\/\/genher.com.ar\/news\/wp-content\/uploads\/2020\/03\/m77_002-1512x2048.jpg 1512w, https:\/\/genher.com.ar\/news\/wp-content\/uploads\/2020\/03\/m77_002-scaled.jpg 1890w\" sizes=\"(max-width: 756px) 100vw, 756px\" \/><\/figure><\/li><li class=\"blocks-gallery-item\"><figure><img loading=\"lazy\" decoding=\"async\" width=\"756\" height=\"1024\" src=\"http:\/\/genher.com.ar\/news\/wp-content\/uploads\/2020\/03\/m77_003-756x1024.jpg\" alt=\"\" data-id=\"5\" data-full-url=\"http:\/\/genher.com.ar\/news\/wp-content\/uploads\/2020\/03\/m77_003.jpg\" data-link=\"http:\/\/genher.com.ar\/news\/?attachment_id=5\" class=\"wp-image-5\" srcset=\"https:\/\/genher.com.ar\/news\/wp-content\/uploads\/2020\/03\/m77_003-756x1024.jpg 756w, https:\/\/genher.com.ar\/news\/wp-content\/uploads\/2020\/03\/m77_003-222x300.jpg 222w, https:\/\/genher.com.ar\/news\/wp-content\/uploads\/2020\/03\/m77_003-768x1040.jpg 768w, https:\/\/genher.com.ar\/news\/wp-content\/uploads\/2020\/03\/m77_003-1134x1536.jpg 1134w, https:\/\/genher.com.ar\/news\/wp-content\/uploads\/2020\/03\/m77_003.jpg 1335w\" sizes=\"(max-width: 756px) 100vw, 756px\" \/><\/figure><\/li><\/ul><\/figure>\n\n\n\n<h4 class=\"wp-block-heading\">Hubbard M77:<\/h4>\n\n\n\n<p>El Hubbard M77 es un macho Amarillo que ha sido seleccionado para ofrecer un buen rendimiento reproductivo combinando un bajo coste vivo con una conformaci\u00f3n competitiva.<br>\nEl resultado final es un broiler de piel amarilla f\u00e1cil de criar, que satisface por completo los requerimientos del mercado en un amplio rango de pesos vivos.<\/p>\n","protected":false},"excerpt":{"rendered":"<p>Los machos convencionales Hubbard han sido seleccionados para ofrecer el mejor rendimiento de carne y el coste vivo m\u00e1s bajo. Sus cualidades, en t\u00e9rminos de viabilidad y persistencia reproductiva, proporcionan un beneficio econ\u00f3mico significativo. Est\u00e1n caracterizados por un fuerte crecimiento, un muy buen \u00edndice de conversi\u00f3n, excelente viabilidad, y un buen rendimiento de carne al &hellip; <a href=\"https:\/\/genher.com.ar\/news\/machos-convencionales-hubbard\/\" class=\"more-link\">Continue reading <span class=\"screen-reader-text\">Machos Convencionales Hubbard<\/span><\/a><\/p>\n","protected":false},"author":1,"featured_media":6,"parent":0,"menu_order":0,"comment_status":"closed","ping_status":"closed","template":"","meta":{"footnotes":""},"_links":{"self":[{"href":"https:\/\/genher.com.ar\/news\/wp-json\/wp\/v2\/pages\/36"}],"collection":[{"href":"https:\/\/genher.com.ar\/news\/wp-json\/wp\/v2\/pages"}],"about":[{"href":"https:\/\/genher.com.ar\/news\/wp-json\/wp\/v2\/types\/page"}],"author":[{"embeddable":true,"href":"https:\/\/genher.com.ar\/news\/wp-json\/wp\/v2\/users\/1"}],"replies":[{"embeddable":true,"href":"https:\/\/genher.com.ar\/news\/wp-json\/wp\/v2\/comments?post=36"}],"version-history":[{"count":2,"href":"https:\/\/genher.com.ar\/news\/wp-json\/wp\/v2\/pages\/36\/revisions"}],"predecessor-version":[{"id":41,"href":"https:\/\/genher.com.ar\/news\/wp-json\/wp\/v2\/pages\/36\/revisions\/41"}],"wp:featuredmedia":[{"embeddable":true,"href":"https:\/\/genher.com.ar\/news\/wp-json\/wp\/v2\/media\/6"}],"wp:attachment":[{"href":"https:\/\/genher.com.ar\/news\/wp-json\/wp\/v2\/media?parent=36"}],"curies":[{"name":"wp","href":"https:\/\/api.w.org\/{rel}","templated":true}]}}